010
What is -7 (base 13) in base 9?
-7
a2 (base 15) to base 14
ac
What is -28 (base 9) in base 16?
-1a
What is -43 (base 9) in base 13?
-30
Convert 3 (base 4) to base 13.
3
6 (base 12) to base 4
12
110 (base 5) to base 4
132
198 (base 10) to base 15
d3
-3 (base 11) to base 10
-3
-1a (base 14) to base 8
-30
What is -8 (base 13) in base 6?
-12
Convert -2 (base 9) to base 5.
-2
Convert 233 (base 4) to base 6.
115
Convert 45 (base 10) to base 6.
113
Convert -1 (base 2) to base 12.
-1
Convert -70 (base 13) to base 10.
-91
What is 33 (base 11) in base 7?
51
Convert 11000100 (base 2) to base 16.
c4
Convert -2 (base 12) to base 3.
-2
What is -1002 (base 3) in base 9?
-32
What is 4 (base 16) in base 13?
4
-a6 (base 11) to base 12
-98
Convert 11 (base 11) to base 15.
c
Convert -27 (base 12) to base 10.
-31
Convert 48 (base 11) to base 5.
202
-3 (base 14) to base 11
-3
Convert -7 (base 15) to base 11.
-7
What is 1a (base 15) in base 5?
100
-4 (base 10) to base 2
-100
What is 0 (base 13) in base 5?
0
-9 (base 13) to base 16
-9
What is 7 (base 14) in base 4?
13
-3 (base 6) to base 14
-3
31 (base 13) to base 5
130
c (base 16) to base 15
c
-15b (base 16) to base 2
-101011011
Convert 4 (base 5) to base 9.
4
-15 (base 15) to base 13
-17
What is -111 (base 6) in base 12?
-37
10 (base 13) to base 8
15
-15 (base 14) to base 9
-21
What is -3032 (base 4) in base 3?
-21122
Convert -3 (base 15) to base 7.
-3
What is 1 (base 9) in base 3?
1
0 (base 11) to base 16
0
What is 4 (base 8) in base 9?
4
Convert 23 (base 16) to base 11.
32
211 (base 6) to base 7
142
4 (base 9) to base 16
4
10111 (base 2) to base 5
43
37 (base 10) to base 3
1101
What is d (base 16) in base 15?
d
What is -110 (base 6) in base 8?
-52
31 (base 5) to base 10
16
Convert 25 (base 16) to base 3.
1101
Convert 412 (base 6) to base 2.
10011000
6 (base 7) to base 4
12
-10111 (base 2) to base 14
-19
What is -66 (base 13) in base 5?
-314
Convert -18 (base 15) to base 6.
-35
Convert 5 (base 8) to base 6.
5
What is 101 (base 2) in base 11?
5
Convert 2 (base 13) to base 12.
2
What is 120 (base 3) in base 12?
13
What is 56 (base 8) in base 11?
42
Convert -2 (base 7) to base 16.
-2
Convert -103 (base 4) to base 9.
-21
Convert 222 (base 5) to base 2.
111110
What is a (base 12) in base 4?
22
4 (base 5) to base 3
11
What is -120 (base 16) in base 6?
-1200
What is -238 (base 9) in base 10?
-197
-5c (base 16) to base 7
-161
What is 12 (base 13) in base 16?
f
What is 20 (base 6) in base 2?
1100
Convert a (base 16) to base 4.
22
What is 55 (base 8) in base 2?
101101
-211 (base 3) to base 14
-18
356 (base 7) to base 11
161
-201 (base 4) to base 13
-27
-e (base 16) to base 5
-24
Convert 345 (base 8) to base 12.
171
-504 (base 8) to base 4
-11010
Convert 12 (base 12) to base 6.
22
What is -1 (base 15) in base 2?
-1
-100010 (base 2) to base 14
-26
-322 (base 4) to base 16
-3a
1 (base 8) to base 13
1
What is -41 (base 5) in base 3?
-210
12 (base 8) to base 10
10
What is -148 (base 12) in base 6?
-532
-101101 (base 2) to base 3
-1200
0 (base 10) to base 3
0
-52 (base 14) to base 4
-1020
Convert -1011 (base 2) to base 10.
-11
What is -23 (base 14) in base 7?
-43
1 (base 4) to base 13
1
Convert 22 (base 9) to base 10.
20
-1 (base 14) to base 8
-1
What is -22 (base 12) in base 5?
-101
27 (base 14) to base 8
43
Convert 46 (base 15) to base 13.
51
What is -13 (base 9) in base 14?
-c
Convert -9 (base 10) to base 4.
-21
Convert 142 (base 8) to base 16.
62
What is -5 (base 13) in base 4?
-11
What is b (base 15) in base 3?
102
Convert -10 (base 3) to base 5.
-3
What is -114 (base 5) in base 7?
-46
10 (base 12) to base 5
22
c2 (base 15) to base 16
b6
Convert 29 (base 12) to base 14.
25
Convert 2 (base 12) to base 5.
2
6 (base 8) to base 5
11
What is -10 (base 3) in base 8?
-3
-44 (base 9) to base 14
-2c
-5 (base 13) to base 4
-11
What is -3 (base 15) in base 13?
-3
What is b (base 14) in base 7?
14
Convert 1 (base 11) to base 13.
1
Convert 8 (base 11) to base 10.
8
What is -12 (base 5) in base 11?
-7
-2 (base 6) to base 14
-2
What is -10020 (base 3) in base 5?
-322
6 (base 14) to base 6
10
Convert -3 (base 16) to base 12.
-3
Convert 1 (base 7) to base 15.
1
Convert 10 (base 7) to base 16.
7
Convert -12 (base 9) to base 5.
-21
What is 8 (base 9) in base 7?
11
What is 14 (base 10) in base 5?
24
What is 1 (base 9) in base 2?
1
-16 (base 11) to base 13
-14
What is 12 (base 3) in base 8?
5
Convert -15 (base 8) to base 14.
-d
What is 12 (base 3) in base 7?
5
Convert 23 (base 10) to base 2.
10111
What is -2 (base 3) in base 13?
-2
What is -47 (base 9) in base 4?
-223
-326 (base 8) to base 16
-d6
What is -1001 (base 2) in base 15?
-9
25 (base 7) to base 2
10011
Convert -21 (base 15) to base 8.
-37
2d (base 15) to base 12
37
What is -1a (base 13) in base 10?
-23
Convert 0 (base 7) to base 4.
0
-13a (base 13) to base 7
-431
-15 (base 6) to base 2
-1011
Convert 11 (base 2) to base 11.
3
What is 2 (base 15) in base 7?
2
-7 (base 14) to base 6
-11
Convert -7 (base 8) to base 9.
-7
What is 1 (base 3) in base 9?
1
26 (base 10) to base 14
1c
Convert 98 (base 16) to base 9.
178
What is 100 (base 5) in base 13?
1c
What is 24 (base 8) in base 12?
18
f (base 16) to base 9
16
What is -13 (base 5) in base 3?
-22
What is 3 (base 5) in base 6?
3
-2 (base 5) to base 13
-2
Convert 223 (base 4) to base 2.
101011
23 (base 6) to base 4
33
94 (base 12) to base 4
1300
What is 61 (base 7) in base 5?
133
What is -11 (base 5) in base 9?
-6
What is 3 (base 8) in base 10?
3
What is -100 (base 3) in base 6?
-13
What is -142 (base 5) in base 13?
-38
4 (base 12) to base 3
11
Convert 160 (base 7) to base 8.
133
-33 (base 12) to base 4
-213
Convert 13 (base 4) to base 2.
111
151 (base 11) to base 13
108
What is 1d (base 15) in base 3?
1001
-204 (base 6) to base 5
-301
-424 (base 9) to base 13
-208
-34 (base 16) to base 15
-37
What is 3 (base 6) in base 4?
3
-1 (base 6) to base 9
-1
Convert -2 (base 4) to base 3.
-2
Convert 154 (base 7) to base 12.
74
Convert -101111 (base 2) to base 3.
-1202
101 (base 2) to base 15
5
-2 (base 16) to base 3
-2
What is 233 (base 6) in base 13?
72
213 (base 4) to base 2
100111
22 (base 5) to base 16
c
Convert 1 (base 3) to base 8.
1
What is -86 (base 10) in base 5?
-321
What is 1 (base 7) in base 3?
1
Convert 17 (base 9) to base 12.
14
Convert -3a (base 12) to base 15.
-31
1 (base 8) to base 12
1
Convert 311 (base 10) to base 13.
1ac
Convert -2 (base 11) to base 10.
-2
Convert -4 (base 13) to base 11.
-4
What is -2b (base 16) in base 8?
-53
12 (base 4) to base 8
6
Convert -1033 (base 5) to base 8.
-217
-2 (base 16) to base 13
-2
1 (base 12) to base 10
1
Convert -122 (base 11) to base 4.
-2101
11 (base 7) to base 10
8
Convert 2 (base 3) to base 7.
2
What is -266 (base 8) in base 16?
-b6
What is -2 (base 4) in base 8?
-2
What is 230 (base 7) in base 16?
77
-3 (base 4) to base 16
-3
2011 (base 4) to base 14
97
What is 1101111 (base 2) in base 5?
421
What is 1 (base 8) in base 3?
1
What is -164 (base 8) in base 4?
-1310
Convert -1 (base 5) to base 12.
-1
Convert 1220 (base 3) to base 2.
110011
Convert -1 (base 7) to base 4.
-1
Convert -3 (base 4) to base 5.
-3
Convert -13 (base 10) to base 6.
-21
What is 21 (base 9) in base 7?
25
Convert -35 (base 9) to base 15.
-22
What is -1 (base 2) in base 16?
-1
212 (base 3) to base 12
1b
What is 21 (base 8) in base 10?
17
-11 (base 9) to base 11
-a
Convert 119 (base 12) to base 11.
140
-3c (base 15) to base 14
-41
Convert 110111 (base 2) to base 14.
3d
What is -78 (base 10) in base 2?
-1001110
105 (base 8) to base 3
2120
What is 34 (base 10) in base 13?
28
What is 22 (base 14) in base 5?
110
-87 (base 14) to base 16
-77
Convert 202 (base 6) to base 11.
68
40 (base 6) to base 16
18
Convert -3 (base 9) to base 12.
-3
What is 331 (base 4) in base 2?
111101
Convert -200 (base 3) to base 7.
-24
-10100 (base 2) to base 10
-20
What is 8 (base 10) in base 2?
1000
What is -101100 (base 2) in base 12?
-38
1 (base 4) to base 13
1
Convert 34 (base 11) to base 12.
31
-2301 (base 4) to base 7
-342
Convert -5d (base 15) to base 12.
-74
Convert -17 (base 16) to base 7.
-32
Convert -54 (base 6) to base 13.
-28
Convert 28 (base 15) to base 6.
102
-7 (base 16) to base 8
-7
Convert -9 (base 13) to base 7.
-12
Convert -16 (